 u(p) = 3*p**2 + 5*p + 3. Let o(i) = -4*q(i) + 11*u(i). Let j be -1 + (-2)/((-4)/10). Calculate o(j).
13
Let u(a) be the first derivative of -3*a**2/2 + 3*a - 2. Let x = 7 + -14. Let o be ((-6)/x)/((-42)/(-196)). Calculate u(o).
-9
Let y(m) = m + 2. Let a(h) = 2*h + 9. Let i(q) = -3*q - 14. Let p(w) = -2*w - 14. Let r(d) = -3*i(d) + 4*p(d). Let c be r(7). Let l be a(c). What is y(l)?
-3
Let t be (-7)/60*(-118)/(-14) - -1. Let z(s) be the third derivative of t*s**6 + 1/12*s**4 + s**2 + 0 + 0*s + 0*s**3 - 1/15*s**5. What is z(2)?
4
Let a(z) be the first derivative of -13*z**3/3 + 9*z**2/2 + 4*z - 2. Let w(u) = 3*u**2 - 2*u - 1. Let b(v) = -2*a(v) - 9*w(v). Calculate b(1).
0
Let j(q) = -q**3 + 4*q**2 + 4*q + 1. Let x be j(5). Let p(g) be the second derivative of 0 + 3*g**2 - 9*g + 1/2*g**3. Determine p(x).
-6
Suppose 2*b = -0*b + 4. Let y be -4 + (b - (0 + 2)). Let x(w) be the first derivative of w**3/3 + w**2 - 2*w + 1. Calculate x(y).
6
Suppose 0 = -w + 5*w - 2*o + 4, -5*w + 3*o - 6 = 0. Let t(i) = -3 + w - i**3 + 4 - 5*i - 7*i**2. Determine t(-6).
-5
Let c(q) = -q**3 - 4*q**2 - 4*q - 3. Let n = -174 - -172. Calculate c(n).
-3
Let q(r) = 0*r**3 - 3*r**3 + r - r**2 - 4*r**2 + 2*r**3 + 6. Determine q(-5).
1
Let r(y) be the first derivative of 1/3*y**3 - 2*y + 5 + 3*y**2. Give r(-5).
-7
Let g(h) = 4*h**3 + 0*h**2 + 0*h + 7*h**2 - 5*h**3 - 4*h - 2. Let i be g(5). Let l be 3/(-9) + i/12. Let n(p) = -6*p - 2. Determine n(l).
-14
Suppose 3*i + 0*i - 6 = 0. Let n(d) = 2*d**2 + d + 2. Determine n(i).
12
Let h(k) = 1 + 4*k - 2*k**2 - 2*k**2 + 5*k**2. Suppose -40*a + 71*a = -186. Determine h(a).
13
Let i(x) = 4*x + 5. Let n(t) = t + 1. Let h(o) = -i(o) + 3*n(o). Let j be 2/8 + (-2)/8. Suppose j = -6*f + 4*f - 4. What is h(f)?
0
Let h(a) = 3*a + 0 - 4*a - 2. Suppose s = -s - 22. Let y(l) = -5*l - 11. Let f(i) = s*h(i) + 2*y(i). Give f(-3).
-3
Let b(p) = 6*p - 2 - 21*p + 11*p. Give b(-3).
10
Let l(i) = i**2 - i - 2. Let j be (-12)/(-20) - (-157)/5. Suppose -12 = 5*o - j. What is l(o)?
10
Let w = 7 + -5. Suppose -5*m = -5*f - 25, m - w*m = -3*f - 11. Let d(x) = -x**2 - 6*x - 2. Determine d(f).
7
Let j(x) = -2*x**3 + 4*x**2 - 3*x + 1. Let q(o) = -2*o**2 - 7*o - 1. Let t be q(-3). Give j(t).
-5
Let q = 0 - 0. Let v = 2 - q. Let i(z) = 13*z - 4. Let n(t) = -20*t + 6. Let r(a) = 8*i(a) + 5*n(a). Give r(v).
6
Let y(m) = -m**3 + 3*m**2 - 12*m + 6. Let d(w) = 2*w**3 - 7*w**2 + 23*w - 12. Let u(g) = 4*d(g) + 7*y(g). Suppose 0*a - 24 = -4*a. Give u(a).
6
Let l(y) = 4*y - 1. Let n(o) = o**3 + 4*o**2 + 3*o - 2. Let q be n(-3). Let r(j) = -3*j + 2. Let z(k) = q*l(k) - 3*r(k). Determine z(6).
2
Let w(x) = 2*x**3 - 3*x + 1 - 4 - 3*x**3. Suppose -5*k + 4*m - 26 = 0, 2*k - 3*m + 12 = -m. Determine w(k).
11
Let b be ((-8)/2 + 4)/(-2). Let z(p) = -5 + b*p - p + 6. Let f be 3*((-1)/(-1))/(-1). Give z(f).
4
Let q(k) = -2*k - 11. Let c be -7 - (16/4*1)/2. Give q(c).
7
Let l = 3 + -5. Let z be 2*l/2*-5. Let o be (6/z)/(2/10). Let b(m) = -m**2 + 4*m - 1. Give b(o).
2
Suppose 2*h + 32 = 6*h + 4*f, h = -3*f + 14. Let o(y) be the third derivative of -1/60*y**5 + 5/24*y**4 - 5/6*y**3 + 0*y + y**2 + 0. Determine o(h).
-5
Suppose 0 = 2*l, 3*l - 19 - 6 = -5*j. Suppose 2*w + j = 15. Let o(z) be the first derivative of z**4/4 - 5*z**3/3 - z**2 + 2*z + 7. Determine o(w).
-8
Let t = 5/8 - 3/8. Let f(o) be the first derivative of -t*o**4 + 3*o**2 - o**3 + 3*o - 3. What is f(-4)?
-5
Let q(j) = 10*j - 17*j + 8*j. Give q(3).
3
Let a(d) = -d - 1. Let s(m) = -m - 1. Let g(f) = -4*a(f) + 3*s(f). What is g(-1)?
0
Let m(g) = 3*g**2 - 13*g - 7. Let n(u) = 7*u**2 - 27*u - 15. Let b(w) = 9*m(w) - 4*n(w). Calculate b(-7).
11
Let d(p) = 4*p**2 + 2*p - 8 + 1 - 8*p. Let s(k) be the third derivative of -k**5/20 + 5*k**4/24 + 7*k**3/6 - k**2. Let y(z) = -2*d(z) - 3*s(z). Calculate y(5).
3
Let m(p) = -1. Let o(z) = z - 8. Let r(c) = -c**2 - 7*c - 7. Let f be r(-6). Let s(u) = f*o(u) + 6*m(u). Calculate s(0).
2
Let m(d) = -d**3 - 4*d**2 + 2*d - 6. Let i(w) = w**2 + 6*w + 3. Let q be i(-4). What is m(q)?
9
Let a(w) be the second derivative of -w**5/20 + w**4/4 + w**3/2 + w**2/2 + w. Determine a(4).
-3
Let q(j) = -j - 2. Let z be q(-8). Let d be (-1 + 3/z)*0. Let a(s) = s**3 + s**2 + d*s**2 - 1 + 0*s**2. Determine a(-2).
-5
Let z(x) = -8*x**2 - 3*x + 2. Let m(r) = 33*r**2 + 12*r - 9. Let n(a) = 5*m(a) + 21*z(a). Determine n(-2).
-9
Let w(b) = -b - 5. Let k(c) = c + 3. Let p(u) = 7*k(u) + 4*w(u). Let a(s) = 6*s - 3 - 2*s - 10*s. Let v(q) = 5*a(q) + 9*p(q). Calculate v(-4).
6
Let u(v) be the first derivative of -3*v**2/2 - 3*v - 1. Suppose n = -2*n + 6. Suppose 2*b = -0*b - n*p + 6, 2*b + 29 = 5*p. Determine u(b).
3
Let k(s) be the second derivative of s**4/12 - s**2/2 - 7*s. Let n be (3*2)/((-3)/(-2)). Suppose -4*z = -2*d - 10, 4*z + 7 = -n*d - 1. Determine k(z).
0
Let x = 25 - 23. Suppose -3*n - x*y = 25, 6*n - 2*y + 15 = n. Let i(u) = u**2 + 5*u. Give i(n).
0
Let u(k) = 2*k**2 + 11*k - 6. Let b(l) = -l**2 - 5*l + 3. Let v(j) = 5*b(j) + 3*u(j). Calculate v(-8).
-3
Let k(f) = 2*f - 3. Let w(g) be the third derivative of g**4/24 + 2*g**2. Let m(v) = -k(v) + 3*w(v). Give m(-7).
-4
Suppose -5*z + z + 4 = 0. Let i(v) = 3*v + 0*v**2 + 2*v**2 + v**2 - z - 4*v**2. Give i(3).
-1
Let o(m) = -m**2 - 4*m + 1. Suppose 12 = -3*l - l. Let u be o(l). Let r(x) = -x**3 + 3*x**2 + 6*x - 4. What is r(u)?
4
Let x(z) = z + 3. Suppose -3*d + 3 = 4*i - 3*i, -2*i + 6 = 3*d. Calculate x(i).
6
Let i(d) = d**3 + 3*d**2 + 3*d + 1. Suppose 6*g + 2 = -10. What is i(g)?
-1
Let r(c) = c**2 - 2 + 1 - 1 + 9*c. Let q be r(-9). Let y(t) = 6. Let g(u) = -u - 6. Let m(j) = q*g(j) - 3*y(j). What is m(5)?
4
Let l be ((-8)/(-20))/((-2)/(-10)). Let f(u) be the first derivative of -u**3/3 + 2*u + 2. Determine f(l).
-2
Let f(h) = 5*h**2 + 4*h + 8. Let l(y) = -8*y**2 + 7*y**2 - y + 2*y. Let u(c) = -f(c) - 4*l(c). Calculate u(-6).
4
Let f(x) = x - 1. Let w(a) = a - 1. Let y(z) = -4*f(z) + 3*w(z). Let v be (1 + 11)*(-2)/(-4). Suppose -3*n + 8 = -m - v, -5*n - 4*m + 29 = 0. Give y(n).
-4
Let t(b) = -b + 1. Let d be -3*39*3/27. Let g = d - -6. Determine t(g).
8
Let c(z) = -z**3 + 7*z**2 - 8*z + 12. Let o be c(6). Suppose 2 = 2*r - o. Let t(m) = m**3 + 2*m - 1. What is t(r)?
2
Suppose 5*s - 28 + 8 = 0. Let w(x) = x + s - 2 - 1. Calculate w(-1).
0
Let k(o) = o**3 + 2*o**2 + o. Let c(f) = -f**2 - 2*f - 2. Let x be c(-1). Determine k(x).
0
Let o(z) = 3*z**2 + z. Let q = -2 - 0. Let n(x) = -16*x**2 - 4*x + 1. Let t(s) = q*n(s) - 11*o(s). Suppose 0 = -4*r + 4 - 16. Calculate t(r).
-2
Let w(l) = l + 4. Let j(t) = t + 9. Let c(o) = 2*o + 10. Let x(h) = -2*c(h) + 3*j(h). Suppose 9 = 3*k - 2*m, 4*k - 9 - 3 = 4*m. Let v be x(k). Calculate w(v).
8
Let t(y) = -y**2 - 4*y - 1. Let f be t(-2). Suppose -f = -2*x + 3. Let r be (-4)/2*x/6. Let n(z) = -10*z + 1. Determine n(r).
11
Let m(r) = r**3 - 3*r**2 - 3*r + 2. Let t be m(2). Let u(i) = 3*i**2 + 38*i + 7. Let q(v) = v**2 + 13*v + 2. Let a(h) = -11*q(h) + 4*u(h). What is a(t)?
-2
Let u(o) be the third derivative of -o**6/120 + o**5/15 - o**4/24 - o**3/6 + o**2. Let j(g) = g**3 - 10*g**2 + 10*g - 5. Let r be j(9). Calculate u(r).
-5
Let b(m) be the first derivative of -m**3/3 + m**2 - m + 7. Calculate b(3).
-4
Let l = -7 + -4. Let o be (-1*1)/(l/(-33)). Let t(s) = -s**3 - 3*s**2 - s - 3. Determine t(o).
0
Let j(c) = 1 - c + c**2 + 1 + 3. Let u be j(0). Suppose -2*w + u = -3*w. Let f(y) = y + 6. What is f(w)?
1
Let k(g) = -g. Let n(y) = -4*y + 1. Let j(v) = -5*k(v) + n(v). Let s be ((-5)/10*-1)/(1/(-4)). Determine j(s).
-1
Let z(x) = 0*x**2 + 3*x**2 - 4*x**2 - 7 + 7*x. Let i = 30 - 25. Give z(i).
3
Let g(a) = -a - 14. Let s(k) = -k + 12. Let n be s(12). Determine g(n).
-14
Let y(c) = c + 0 + 0 + 1. Let b be y(-4). Let f(d) = -6*d + 4*d + 7*d - d**2 + 2*d**2 + 1. Determine f(b).
-5
Let v(f) be the third derivative of f**6/120 + f**5/12 + f**4/8 + 7*f**3/6 + 13*f**2. What is v(-5)?
-8
Let c(w) = -w**2 - 4*w + 7. Let u be c(-5). Suppose -4*d + u*l = l - 11, -d - l = -9. Let f(h) = h**2 - 4*h + 5. Give f(d).
5
Let k(h) = -h**2 + 9*h + 6. Let m(c) = -c**2 + 11*c + 7. Let g(x) = 7*k(x) - 6*m(x). Let w = 3 + -7. Determine g(w).
-4
Let l(s) = -s**2 - s + 6. Suppose -f = -0*f - 4*g + 12, 3*g = 4*f + 9. Determine l(f).
6
Let h(p) = -